9, 12503
What are the prime factors of 35614?
2, 17807
List the prime factors of 2442014.
2, 257, 4751
What are the prime factors of 6211442?
2, 19, 223, 733
What are the prime factors of 487082?
2, 239, 1019
What are the prime factors of 16925628?
2, 3, 31, 173, 263
List the prime factors of 4233655.
5, 223, 3797
List the prime factors of 1001672.
2, 7, 31, 577
What are the prime factors of 361733?
67, 5399
List the prime factors of 7113558.
2, 3, 73, 109, 149
What are the prime factors of 1583149?
1583149
What are the prime factors of 1195049?
17, 70297
List the prime factors of 2664451.
2664451
What are the prime factors of 36235?
5, 7247
What are the prime factors of 7825101?
3, 2608367
What are the prime factors of 769457?
13, 29, 157
List the prime factors of 170474.
2, 85237
List the prime factors of 185465.
5, 7, 757
List the prime factors of 136637.
139, 983
List the prime factors of 2353269.
3, 784423
List the prime factors of 7891881.
3, 2630627
What are the prime factors of 357579?
3, 67, 593
What are the prime factors of 232885?
5, 47, 991
What are the prime factors of 398831?
109, 3659
What are the prime factors of 280594?
2, 140297
What are the prime factors of 744440?
2, 5, 37, 503
What are the prime factors of 569320?
2, 5, 43, 331
What are the prime factors of 78170?
2, 5, 7817
List the prime factors of 23148424.
2, 13, 17, 13093
What are the prime factors of 2734662?
2, 3, 7, 65111
What are the prime factors of 447344?
2, 73, 383
List the prime factors of 15089569.
11, 1371779
List the prime factors of 11147837.
521, 21397
List the prime factors of 11666825.
5, 466673
List the prime factors of 2053579.
11, 186689
List the prime factors of 1252660.
2, 5, 62633
What are the prime factors of 16377014?
2, 37, 221311
What are the prime factors of 356462?
2, 178231
List the prime factors of 4007775.
3, 5, 53437
What are the prime factors of 158124?
2, 3, 13177
What are the prime factors of 217574?
2, 7, 15541
List the prime factors of 2267991.
3, 11, 31, 739
List the prime factors of 5110900.
2, 5, 51109
What are the prime factors of 8780446?
2, 29, 47, 3221
List the prime factors of 244262.
2, 122131
What are the prime factors of 17809687?
7, 363463
List the prime factors of 3658403.
7, 23, 31, 733
List the prime factors of 416968.
2, 52121
List the prime factors of 6326970.
2, 3, 5, 13, 16223
List the prime factors of 213029.
213029
What are the prime factors of 191655?
3, 5, 4259
List the prime factors of 7701961.
7701961
What are the prime factors of 18611110?
2, 5, 7, 265873
List the prime factors of 441695.
5, 88339
List the prime factors of 33982192.
2, 83, 25589
What are the prime factors of 1355059?
43, 31513
What are the prime factors of 694609?
694609
List the prime factors of 1680627.
3, 13, 43093
List the prime factors of 1148681.
1148681
What are the prime factors of 392981?
392981
List the prime factors of 39322.
2, 19661
List the prime factors of 1670566.
2, 401, 2083
What are the prime factors of 2524?
2, 631
List the prime factors of 395450.
2, 5, 11, 719
List the prime factors of 11938920.
2, 3, 5, 7, 61, 233
What are the prime factors of 837207?
3, 7, 97, 137
List the prime factors of 168785.
5, 33757
List the prime factors of 798994.
2, 7, 31, 263
What are the prime factors of 109727?
179, 613
List the prime factors of 489216.
2, 3, 7, 13
List the prime factors of 6665514.
2, 3, 1110919
List the prime factors of 3815020.
2, 5, 11, 17341
What are the prime factors of 87171?
3, 7, 593
What are the prime factors of 22055656?
2, 7, 19, 1091
List the prime factors of 14329728.
2, 3, 7, 1777
What are the prime factors of 6245962?
2, 29, 113, 953
What are the prime factors of 39962634?
2, 3, 71, 93809
List the prime factors of 995777.
179, 5563
List the prime factors of 18175721.
29, 626749
List the prime factors of 23193.
3, 859
List the prime factors of 8555575.
5, 7, 48889
List the prime factors of 36902.
2, 18451
What are the prime factors of 3925286?
2, 19, 53, 1949
List the prime factors of 738157.
7, 17, 6203
What are the prime factors of 278005?
5, 7, 13, 47
List the prime factors of 177263.
103, 1721
List the prime factors of 88717.
79, 1123
List the prime factors of 244218.
2, 3, 13, 31, 101
What are the prime factors of 5522685?
3, 5, 7, 149, 353
List the prime factors of 727267.
727267
List the prime factors of 607778.
2, 303889
List the prime factors of 1372700.
2, 5, 7, 37, 53
What are the prime factors of 14045124?
2, 3, 41, 28547
List the prime factors of 195884.
2, 13, 3767
What are the prime factors of 2653279?
107, 137, 181
List the prime factors of 3545529.
3, 13, 90911
List the prime factors of 48658.
2, 24329
What are the prime factors of 9956210?
2, 5, 11, 90511
What are the prime factors of 10632465?
3, 5, 2917
What are the prime factors of 5777760?
2, 3, 5, 12037
List the prime factors of 1083379.
11, 149, 661
What are the prime factors of 9804052?
2, 709, 3457
What are the prime factors of 874850?
2, 5, 17497
List the prime factors of 2158367.
2158367
What are the prime factors of 5390261?
127, 42443
List the prime factors of 27678774.
2, 3, 251, 18379
List the prime factors of 6828390.
2, 3, 5, 17, 4463
List the prime factors of 2542168.
2, 317771
What are the prime factors of 203920?
2, 5, 2549
What are the prime factors of 3419804?
2, 854951
List the prime factors of 15788408.
2, 1213, 1627
What are the prime factors of 87523?
87523
What are the prime factors of 5470254?
2, 3, 33767
What are the prime factors of 30595895?
5, 11, 556289
What are the prime factors of 6166537?
13, 347, 1367
What are the prime factors of 154509?
3, 51503
What are the prime factors of 1280074?
2, 101, 6337
What are the prime factors of 20140028?
2, 2221, 2267
List the prime factors of 1455045.
3, 5, 97003
List the prime factors of 8842151.
8842151
List the prime factors of 23712457.
461, 51437
What are the prime factors of 40298991?
3, 13432997
List the prime factors of 264444.
2, 3, 22037
List the prime factors of 97564.
2, 24391
List the prime factors of 29304.
2, 3, 11, 37
What are the prime factors of 8358687?
3, 353, 877
What are the prime factors of 14128989?
3, 7, 17, 19, 2083
List the prime factors of 791909.
791909
List the prime factors of 272362.
2, 43, 3167
What are the prime factors of 301854?
2, 3, 7, 7187
List the prime factors of 2343393.
3, 13, 20029
List the prime factors of 37073082.
2, 3, 6178847
What are the prime factors of 6273255?
3, 5, 17, 73, 337
List the prime factors of 21145483.
21145483
List the prime factors of 5176911.
3, 19, 90823
What are the prime factors of 26996645?
5, 13, 67, 6199
List the prime factors of 2186059.
2186059
What are the prime factors of 134909?
134909
What are the prime factors of 268574?
2, 134287
List the prime factors of 2895965.
5, 193, 3001
List the prime factors of 517004.
2, 17, 7603
What are the prime factors of 116066?
2, 131, 443
List the prime factors of 117735.
3, 5, 47, 167
What are the prime factors of 2700776?
2, 13, 25969
List the prime factors of 17531684.
2, 4382921
What are the prime factors of 148502?
2, 41, 1811
List the prime factors of 147030.
2, 3, 5, 13, 29
What are the prime factors of 297934?
2, 7, 13, 1637
What are the prime factors of 21922675?
5, 19, 46153
What are the prime factors of 3020883?
3, 17, 59233
What are the prime factors of 343024?
2, 11, 1949
What are the prime factors of 319612?
2, 79903
List the prime factors of 1232026.
2, 37, 16649
What are the prime factors of 972072?
2, 3, 23, 587
What are the prime factors of 1706813?
73, 103, 227
What are the prime factors of 55573?
7, 17, 467
List the prime factors of 994064.
2, 62129
What are the prime factors of 5449091?
23, 236917
What are the prime factors of 151246?
2, 47, 1609
What are the prime factors of 2238861?
3, 746287
What are the prime factors of 5928961?
5928961
List the prime factors of 5545.
5, 1109
What are the prime factors of 136572?
2, 3, 19, 599
What are the prime factors of 16951728?
2, 3, 353161
List the prime factors of 247716.
2, 3, 7, 983
List the prime factors of 1465542.
2, 3, 13, 6263
What are the prime factors of 497699?
41, 61, 199
List the prime factors of 2119698.
2, 3, 7, 16823
What are the prime factors of 302223?
3, 100741
What ar